 b?
23
Let i = 12 + -12. Suppose 2*w - 5 + 3 = i. List the prime factors of w/3 + 770/21.
37
Let n(g) = 6*g**2 - 10*g + 3. Suppose 3*a - 27 + 12 = 0. What are the prime factors of n(a)?
103
Let w = -7120 - -12889. List the prime factors of w.
3, 641
Let d(w) = 51*w**3 - 3*w. Let i(q) = 51*q**3 - 2*q. Let x(t) = 3*d(t) - 4*i(t). List the prime factors of x(-1).
2, 13
Let r(n) = -n**2 + 20. Let m be r(0). Let q be m/(-4 - -2)*1. Let f = 15 + q. List the prime factors of f.
5
Let g(h) = h**3 + 7*h**2 - h. Let n(b) = b**3 + 8*b**2 - 2*b - 1. Let p(o) = -6*g(o) + 5*n(o). List the prime factors of p(-5).
2, 3, 5
What are the prime factors of 353 + 48/18*(-45)/(-20)?
359
Suppose -11*o + 6*o = -2*j + 2315, 5*o = 5*j - 5750. What are the prime factors of j?
5, 229
Let j be (10/6)/(20/24). Suppose 2*g + 3*k - 441 = -g, 0 = 5*g - j*k - 763. What are the prime factors of g?
151
Let g = -497 + 645. What are the prime factors of g?
2, 37
Let q(o) = o**3 + 7*o**2 + o + 2. Let l be q(-7). Let v be (-1)/l - 256/(-20). Suppose -2*a + 103 = 5*m, -5*m - 16 = -a + v. What are the prime factors of a?
2, 11
Suppose 0*w = 3*w + 21. Let i be 4/14 + (-19)/w. Suppose i*o - 2*a - 76 = 0, 5*o + 4*a - 135 = -a. What are the prime factors of o?
2, 13
List the prime factors of (-8)/(-6)*((-24456)/(-16) + -9).
2, 1013
Suppose 24*r - 2*r = 121066. What are the prime factors of r?
5503
Let i(s) be the first derivative of -3*s - 6 - 7/2*s**2. List the prime factors of i(-5).
2
Let n(p) = -3*p**3 - 13*p**2 + 3*p + 5. What are the prime factors of n(-7)?
2, 47
Let l(q) = q**3 + 6*q**2 - 19*q - 13. Let k be (-195)/27 + 2/9. List the prime factors of l(k).
71
Suppose -13*x - 1834 + 11454 = 0. Let s = x - 412. List the prime factors of s.
2, 41
Let t(y) be the first derivative of y**3/3 + 4*y**2 - 9*y + 2. Suppose 0 = -4*c + 2*u + 14, 2*c + 3*c - u - 19 = 0. What are the prime factors of t(c)?
3, 13
Suppose 259 = 5*n - 71. Suppose 3*x - 139 = v + n, -3*v + 295 = 4*x. What are the prime factors of x?
2, 5, 7
What are the prime factors of (17 - 22) + (-7773)/(-3)?
2, 3, 431
Let w(a) = -15*a**3 - a**2 - 2*a - 2. Let b be w(-1). Suppose b = 80*x - 78*x. What are the prime factors of x?
7
Let a = 11 - 18. Suppose 0 = 21*k - 33*k + 24. What are the prime factors of 166/7 - k/a?
2, 3
Suppose 5*i + 6255 = 10*i. What are the prime factors of i?
3, 139
Let a = -7 - -8. Let z be (-20)/(a + 3) + 3. What are the prime factors of (-21)/(-6) - z/4?
2
Let t = -3022 + 4383. What are the prime factors of t?
1361
Let h be 5/((-14)/42*1/(-3)). Suppose 11*r - 736 = h. List the prime factors of r.
71
Let u = 41 - 96. Let l = 94 + u. List the prime factors of l.
3, 13
Let n(f) = 2*f**2 - 7*f - 22. Let b be n(7). Suppose -4*a - 79 = -3*i + b, 185 = 5*i - 5*a. List the prime factors of i.
2, 3, 7
Suppose -315 = -6*d + 2265. List the prime factors of d.
2, 5, 43
Suppose 131*r - 148*r = -52785. What are the prime factors of r?
3, 5, 23
Suppose -8*k + 3*k = -5*m + 1200, 5*m - 4*k = 1202. Suppose -2*s + w + m = s, 4*w = 16. What are the prime factors of s?
2, 41
Suppose -783 = -5*v + 82. Suppose 3*y = -3*f + 493 + 2, 3*y = -f + v. What are the prime factors of f?
7, 23
Suppose -l = -5*h - 3*l + 70, 5*h + l - 75 = 0. What are the prime factors of (125 - -1) + 12/h*4?
3, 43
Let b(w) = -w**3 - 26*w**2 - 50*w - 56. Let t be b(-24). What are the prime factors of (t - -7)/(2/(-8))?
2
Suppose 55 = x - t + 4*t, 5*t = 15. Let i = x + -17. What are the prime factors of i?
29
Suppose 4*w = 5*i + 37, -4 + 0 = 4*i. List the prime factors of 1836/w*(-8)/(-12).
3, 17
Let r = -160 + 621. What are the prime factors of r?
461
Let i(o) be the third derivative of -79*o**4/8 - o**3/3 + 11*o**2. Let g be i(-1). Suppose -3*z - 2*w = -8*z + 240, g = 5*z - w. List the prime factors of z.
2, 23
Suppose 196 = 3*a + 2*u + 6, -a - u + 63 = 0. Let g = a - 43. What are the prime factors of g?
3, 7
Let a = 624 - 633. Suppose 2*q - 48 = -6. List the prime factors of 4*a/q*-14.
2, 3
Let x(q) = q**3 + 31*q**2 - 10*q + 214. What are the prime factors of x(-25)?
2, 7, 43
Let m = 20 - 18. Let c = 12 - 10. Suppose 3*g = -c*l + 107, m*g = -l - 2*l + 63. List the prime factors of g.
3, 13
Let t(n) = -n**3 - 11*n**2 - 3*n - 13. Let z be -8 - (5 - -4)/3. List the prime factors of t(z).
2, 5
Let f(i) = 19*i**3 - 8*i**2 + 7*i - 30. List the prime factors of f(5).
2, 5, 109
Suppose 4*l + 77 = 11*l. Suppose -f - 164 = -0*c - 3*c, 36 = c - 5*f. Suppose -15*o + c = -l*o. What are the prime factors of o?
2, 7
Let h be 6/4*(-36)/27. What are the prime factors of (-25)/4*24/h?
3, 5
Let j(n) = 6*n + 0*n - 2*n - n. Let s be j(2). List the prime factors of (-75)/s*(-12)/10.
3, 5
Let b(d) = -d**3 + 3*d**2 + 5*d + 34. What are the prime factors of b(-8)?
2, 349
Suppose -5*j = -5*x + 3890, -3*x + 2324 = -18*j + 17*j. What are the prime factors of x?
773
Let x be 30/26 - 4/26. Suppose 0 = a - x, -2*s + a = -0*a - 151. List the prime factors of s.
2, 19
Suppose 0 = -5*s + 179 + 341. What are the prime factors of s?
2, 13
Let v = 1816 + -571. List the prime factors of v.
3, 5, 83
Let w = -14 + 4. Let o = -38 + 75. Let k = w + o. What are the prime factors of k?
3
Let r(v) = 4*v - 7 + 4*v - v**2 + 2*v**3 - v**3 - 7*v**2. Let o be r(7). Suppose -2*k + 4*g + 26 = o, 5*g + 40 = -2*k + 7*k. What are the prime factors of k?
3
Suppose -4*x + 2418 + 510 = 0. List the prime factors of x.
2, 3, 61
Let q(b) = -b**3 - 11*b**2 + 2. Let k be q(-11). Suppose -k*n = 5*f - 58 - 16, 4*f = -2*n + 72. List the prime factors of n.
2
Let t(c) = 25*c + 1. Suppose 0 = 5*k - 13 - 2. Let v be t(k). Suppose 4*n - 2*y - 83 + 21 = 0, 0 = 5*n - y - v. List the prime factors of n.
3, 5
Let n(u) = -u**3 + u**2 - 2. Suppose 2*r - 12 = -2*x, -14 = -r - 2*x - 6. Let k be n(r). List the prime factors of (-152)/(-5) - (-20)/k.
2, 3, 5
Let k be 15 + -2 - (-5 - -6). Let w = k - 9. List the prime factors of (-10)/1*(-1 - w).
2, 5
Let q(p) = -31*p + 17. Let g be q(-10). Let d = g + -103. What are the prime factors of d?
2, 7
Suppose 3*j - 1104 = -4*c, -c + 3*j = -0*j - 261. Let f = -169 + c. What are the prime factors of f?
2, 13
Let r = -410 - -742. What are the prime factors of r?
2, 83
Let t(z) = -115*z - 385. List the prime factors of t(-9).
2, 5, 13
Let m be 66/4*(-8)/(-6). Suppose s + 3 + 2 = 0, 3*s = 2*n - 25. Suppose 1 - m = -n*z + 3*t, -3 = -z + t. List the prime factors of z.
2, 3
Suppose -8*h + 4*h = -272. What are the prime factors of h?
2, 17
Let g(d) = -d + 2. Let p be g(5). Let x be (p + 4)/(2 + -1). Let b = 5 + x. What are the prime factors of b?
2, 3
Let w(g) be the first derivative of -g**2/2 - 4*g + 3. Let m be w(-7). Let o(a) = 10*a - 3. What are the prime factors of o(m)?
3
Let r(z) = -2*z**3 + 3*z**2 - 7*z + 11. What are the prime factors of r(-8)?
1283
List the prime factors of (-4)/6 + (-62651)/(-129).
5, 97
Let p(b) = 3*b**2 + 14*b + 27. List the prime factors of p(-12).
3, 97
Let x = 111 + -111. Suppose x = -z + 4*q + 9, -3*z - 5*q - 27 = -5*z. What are the prime factors of z?
3, 7
Let u = 442 + -312. What are the prime factors of u?
2, 5, 13
List the prime factors of (81/108)/(3/106)*16.
2, 53
Suppose -q + 837 = 3*t, 0 = 23*q - 18*q + 2*t - 4159. List the prime factors of q.
3, 277
Let f = -729 - -1652. List the prime factors of f.
13, 71
Suppose -2*p = -5*z - 7, 4*p + 0*z + z = 47. Let w = p + 32. What are the prime factors of w?
43
Let i(x) = -x**3 - 29*x**2 - 65. List the prime factors of i(-30).
5, 167
Let j = 10 + -8. Suppose j*m + 4 = -2*m. What are the prime factors of 22 - (8/m)/4?
2, 3
Let b(d) = -41*d**2 + d**3 - 2*d - 1 + 47*d**2 - 2*d. What are the prime factors of b(-6)?
23
Suppose -21 = -4*x + 63. Suppose -18 = -2*s - 0. Suppose f = x + s. What are the prime factors of f?
2, 3, 5
What are the prime factors of (73/2 - 3)/((-10)/(-20))?
67
Let k be (-1*12/(-14))/((-2)/42). List the prime factors of (-9)/(k/4) + 88.
2, 3, 5
Suppose -50*g + 90760 = -27740. List the prime factors of g.
2, 3, 5, 79
Let u(j) = 822*j**2 - 790*j**2 + 2 - 2*j - 4. Let y = -3 - -2. List the prime factors of u(y).
2
Let o(j) = 64 + 6 + 3*j**2 - 17 - 2*j**2 - j. What are the prime factors of o(0)?
53
Suppose -3*c + 717 + 159 = 0. What are the prime factors of c?
2, 73
Let l be 2/4*-8 + 155. Suppo